{"id":15662,"date":"2022-09-17T10:02:37","date_gmt":"2022-09-17T08:02:37","guid":{"rendered":"https:\/\/srce-slovenije.si\/predmet\/kavarna-veronika\/"},"modified":"2023-04-24T10:57:12","modified_gmt":"2023-04-24T08:57:12","slug":"cafe-veronika","status":"publish","type":"citadela-item","link":"https:\/\/srce-slovenije.si\/en\/predmet\/cafe-veronika\/","title":{"rendered":"Caf\u00e9 Veronika"},"content":{"rendered":"<p>This caf\u00e9 in the centre of Kamnik has a tradition of cultural and social events in the town. When visiting the medieval town, make sure to stop by the caf\u00e9 in the heart of the city&#8217;s action and enjoy the Tastes of Kamnik right there. Check out how good the Klo\u0161tra krem\u0161nita is in the Veronika caf\u00e9, for example! The caf\u00e9 also hosts art and photography exhibitions, occasional performances by renowned musicians and bands, and events for children.<\/p>\n<p><img decoding=\"async\" width=\"300\" height=\"300\" class=\"alignnone size-medium wp-image-8589\" src=\"https:\/\/srce-slovenije.si\/wp-content\/uploads\/2022\/11\/kavarna-veronika-1-300x300.jpg\" alt=\"\" srcset=\"https:\/\/srce-slovenije.si\/wp-content\/uploads\/2022\/11\/kavarna-veronika-1-300x300.jpg 300w, https:\/\/srce-slovenije.si\/wp-content\/uploads\/2022\/11\/kavarna-veronika-1-150x150.jpg 150w, https:\/\/srce-slovenije.si\/wp-content\/uploads\/2022\/11\/kavarna-veronika-1-75x75.jpg 75w, https:\/\/srce-slovenije.si\/wp-content\/uploads\/2022\/11\/kavarna-veronika-1.jpg 400w\" sizes=\"(max-width: 300px) 100vw, 300px\" \/> <img decoding=\"async\" width=\"300\" height=\"300\" class=\"alignnone size-medium wp-image-8590\" src=\"https:\/\/srce-slovenije.si\/wp-content\/uploads\/2022\/11\/kavarna-veronika-300x300.jpg\" alt=\"\" srcset=\"https:\/\/srce-slovenije.si\/wp-content\/uploads\/2022\/11\/kavarna-veronika-300x300.jpg 300w, https:\/\/srce-slovenije.si\/wp-content\/uploads\/2022\/11\/kavarna-veronika-150x150.jpg 150w, https:\/\/srce-slovenije.si\/wp-content\/uploads\/2022\/11\/kavarna-veronika-75x75.jpg 75w, https:\/\/srce-slovenije.si\/wp-content\/uploads\/2022\/11\/kavarna-veronika.jpg 400w\" sizes=\"(max-width: 300px) 100vw, 300px\" \/><\/p>\n","protected":false},"excerpt":{"rendered":"<p>This caf\u00e9 in the centre of Kamnik has a tradition of cultural and social events in the town. When visiting the medieval town, make sure to stop by the caf\u00e9 [&hellip;]<\/p>\n","protected":false},"author":11,"featured_media":13568,"menu_order":0,"comment_status":"open","ping_status":"closed","template":"","meta":{"_citadela_hide_page_title":"","_citadela_remove_header_space":"","_citadela_custom_class":"","_citadela_ignore_special_page":false,"_citadela_page_template":"","_citadela_half_map_provider":"","_citadela_half_map_theme":"","_citadela_half_map_themeOSM":"","_citadela_half_map_customTheme":"","_citadela_half_map_dataType":"","_citadela_half_map_dynamicTrack":false,"_citadela_half_map_trackColor":"","_citadela_half_map_trackEndpointsColor":"","_citadela_half_map_filterCategory":"","_citadela_half_map_filterLocation":"","_citadela_half_map_filterFeatured":false,"_citadela_half_map_noDataBehavior":"empty-map","_citadela_half_map_noDataText":"","_citadela_half_map_clusterGridSize":80,"_citadela_header":false,"_citadela_header_over_content":false,"_citadela_header_text_color":"","_citadela_header_logo":[],"_citadela_header_bg_image":[],"_citadela_header_bg_position":[],"_citadela_header_bg_size":"","_citadela_header_bg_repeat":"","_citadela_header_bg_fixed":false,"_citadela_header_bg_color":"","_citadela_header_bg_image_overlay":"","_citadela_header_transparent_bg":false,"_citadela_content_width":"","_citadela_half_layout_position":""},"citadela-item-category":[859],"citadela-item-location":[866],"class_list":["post-15662","citadela-item","type-citadela-item","status-publish","has-post-thumbnail","hentry","citadela-item-category-culinary-en","citadela-item-location-kamnik-en"],"_links":{"self":[{"href":"https:\/\/srce-slovenije.si\/en\/wp-json\/wp\/v2\/citadela-item\/15662","targetHints":{"allow":["GET"]}}],"collection":[{"href":"https:\/\/srce-slovenije.si\/en\/wp-json\/wp\/v2\/citadela-item"}],"about":[{"href":"https:\/\/srce-slovenije.si\/en\/wp-json\/wp\/v2\/types\/citadela-item"}],"author":[{"embeddable":true,"href":"https:\/\/srce-slovenije.si\/en\/wp-json\/wp\/v2\/users\/11"}],"replies":[{"embeddable":true,"href":"https:\/\/srce-slovenije.si\/en\/wp-json\/wp\/v2\/comments?post=15662"}],"version-history":[{"count":0,"href":"https:\/\/srce-slovenije.si\/en\/wp-json\/wp\/v2\/citadela-item\/15662\/revisions"}],"wp:featuredmedia":[{"embeddable":true,"href":"https:\/\/srce-slovenije.si\/en\/wp-json\/wp\/v2\/media\/13568"}],"wp:attachment":[{"href":"https:\/\/srce-slovenije.si\/en\/wp-json\/wp\/v2\/media?parent=15662"}],"wp:term":[{"taxonomy":"citadela-item-category","embeddable":true,"href":"https:\/\/srce-slovenije.si\/en\/wp-json\/wp\/v2\/citadela-item-category?post=15662"},{"taxonomy":"citadela-item-location","embeddable":true,"href":"https:\/\/srce-slovenije.si\/en\/wp-json\/wp\/v2\/citadela-item-location?post=15662"}],"curies":[{"name":"wp","href":"https:\/\/api.w.org\/{rel}","templated":true}]}}

Café Veronika

<p>This café in the centre of Kamnik has a tradition of cultural and social events in the town. When visiting the medieval town, make sure to stop by the café in the heart of the city&#8217;s action and enjoy the Tastes of Kamnik right there. Check out how good the Kloštra kremšnita is in the Veronika café, for example! The café also hosts art and photography exhibitions, occasional performances by renowned musicians and bands, and events for children.</p>
<p><img decoding="async" width="300" height="300" class="alignnone size-medium wp-image-8589" src="https://srce-slovenije.si/wp-content/uploads/2022/11/kavarna-veronika-1-300x300.jpg" alt="" srcset="https://srce-slovenije.si/wp-content/uploads/2022/11/kavarna-veronika-1-300x300.jpg 300w, https://srce-slovenije.si/wp-content/uploads/2022/11/kavarna-veronika-1-150x150.jpg 150w, https://srce-slovenije.si/wp-content/uploads/2022/11/kavarna-veronika-1-75x75.jpg 75w, https://srce-slovenije.si/wp-content/uploads/2022/11/kavarna-veronika-1.jpg 400w" sizes="(max-width: 300px) 100vw, 300px" /> <img decoding="async" width="300" height="300" class="alignnone size-medium wp-image-8590" src="https://srce-slovenije.si/wp-content/uploads/2022/11/kavarna-veronika-300x300.jpg" alt="" srcset="https://srce-slovenije.si/wp-content/uploads/2022/11/kavarna-veronika-300x300.jpg 300w, https://srce-slovenije.si/wp-content/uploads/2022/11/kavarna-veronika-150x150.jpg 150w, https://srce-slovenije.si/wp-content/uploads/2022/11/kavarna-veronika-75x75.jpg 75w, https://srce-slovenije.si/wp-content/uploads/2022/11/kavarna-veronika.jpg 400w" sizes="(max-width: 300px) 100vw, 300px" /></p>

<p>This café in the centre of Kamnik has a tradition of cultural and social events in the town. When visiting the medieval town, make sure to stop by the café [&hellip;]</p>
