{"id":16135,"date":"2023-01-02T14:40:48","date_gmt":"2023-01-02T13:40:48","guid":{"rendered":"https:\/\/srce-slovenije.si\/predmet\/c7-prijetno-domace-s-kolesa\/"},"modified":"2023-05-17T15:37:29","modified_gmt":"2023-05-17T13:37:29","slug":"c7-feel-at-home","status":"publish","type":"citadela-item","link":"https:\/\/srce-slovenije.si\/en\/predmet\/c7-feel-at-home\/","title":{"rendered":"C7: Feel at Home"},"content":{"rendered":"\n<div class=\"wp-block-columns is-layout-flex wp-container-core-columns-is-layout-9d6595d7 wp-block-columns-is-layout-flex\">\n<div class=\"wp-block-column is-layout-flow wp-block-column-is-layout-flow\">                <div \r\n            class=\"wp-block-citadela-blocks ctdl-item-featured-image align-center size-full\"\r\n                        \t\r\n            style=\"\"        >\r\n            <div class=\"ft-image-thumb\">\r\n                <div class=\"ft-image\">\r\n                                    <img decoding=\"async\" \r\n                        src=\"https:\/\/srce-slovenije.si\/wp-content\/uploads\/2023\/01\/c7-scaled.jpg\"\r\n                        width=\"2560\"\r\n                        height=\"1707\"\r\n                        srcset=\"https:\/\/srce-slovenije.si\/wp-content\/uploads\/2023\/01\/c7-scaled.jpg 2560w, https:\/\/srce-slovenije.si\/wp-content\/uploads\/2023\/01\/c7-300x200.jpg 300w, https:\/\/srce-slovenije.si\/wp-content\/uploads\/2023\/01\/c7-1024x683.jpg 1024w, https:\/\/srce-slovenije.si\/wp-content\/uploads\/2023\/01\/c7-768x512.jpg 768w, https:\/\/srce-slovenije.si\/wp-content\/uploads\/2023\/01\/c7-1536x1024.jpg 1536w, https:\/\/srce-slovenije.si\/wp-content\/uploads\/2023\/01\/c7-2048x1365.jpg 2048w, https:\/\/srce-slovenije.si\/wp-content\/uploads\/2023\/01\/c7-1200x800.jpg 1200w, https:\/\/srce-slovenije.si\/wp-content\/uploads\/2023\/01\/c7-900x600.jpg 900w, https:\/\/srce-slovenije.si\/wp-content\/uploads\/2023\/01\/c7-150x100.jpg 150w, https:\/\/srce-slovenije.si\/wp-content\/uploads\/2023\/01\/c7-750x500.jpg 750w, https:\/\/srce-slovenije.si\/wp-content\/uploads\/2023\/01\/c7-1140x760.jpg 1140w\"\r\n                        sizes=\"(max-width: 2560px) 100vw, 2560px\"\r\n                        alt=\"C7: Feel at Home\"\r\n                        style=\"\"                    \/>\r\n                                <\/div>\r\n                            <\/div>\r\n        <\/div>\r\n                \n\n\n<div class=\"wp-block-citadela-blocks-spacer citadela-block-spacer\"><div class=\"inner-holder\" style=\"padding-top:20px\"><\/div><\/div>\n\n\n        <div class=\"wp-block-citadela-blocks ctdl-item-gpx-download align-left small-button-style\">\r\n            <div class=\"download-button\">\r\n                <a href=\"https:\/\/srce-slovenije.si\/wp-content\/uploads\/2023\/01\/C7_Prijetno-domace-s-kolesa.gpx\" class=\"button-text\" style=\"\" download>Prenesi  GPX datoteko<\/a>\r\n            <\/div>\r\n        <\/div>\r\n        \n\n        <div class=\"wp-block-citadela-blocks ctdl-item-get-directions align-left small-button-style\">\r\n            <div class=\"button-wrapper\">\r\n                <a href=\"https:\/\/www.google.com\/maps\/dir\/?api=1&#038;destination=45.938884923329,14.806311224266\" class=\"button-text\" style=\"\" target=\"_blank\">Na\u010drtuj pot<\/a>\r\n            <\/div>\r\n        <\/div>\r\n        <\/div>\n\n\n\n<div class=\"wp-block-column is-layout-flow wp-block-column-is-layout-flow\">\n<p><strong>STARTING POINT<\/strong><\/p>\n\n\n<div class=\"wp-block-citadela-blocks ctdl-item-contact-details \">\n\n    \n\n\t<div class=\"citadela-block-articles\">\n\t\t<div class=\"citadela-block-articles-wrap\">\n\n\t\t\t\t\t\t<div class=\"cd-info cd-address\" itemscope itemtype=\"http:\/\/schema.org\/PostalAddress\">\n\t\t\t\t<div class=\"cd-label\"><p>Address<\/p><\/div>\n\t\t\t\t<div class=\"cd-data\" itemprop=\"streetAddress\">\n\t\t\t\t\t<p>Sokolska ulica, 1295 Ivan\u010dna Gorica<\/p>\n\t\t\t\t<\/div>\n\t\t\t<\/div>\n\t\t\t\n\n\t\t\t\t\t\t<div class=\"cd-info cd-gps\" itemscope itemtype=\"http:\/\/schema.org\/Place\">\n\t\t\t\t<div class=\"cd-label\"><p>GPS<\/p><\/div>\n\t\t\t\t<div class=\"cd-data\" itemprop=\"geo\" itemscope itemtype=\"http:\/\/schema.org\/GeoCoordinates\">\n\t\t\t\t\t<p>\n\t\t\t\t\t\t45.938884923329, 14.806311224266\t\t\t\t\t\t<meta itemprop=\"latitude\" content=\"45.938884923329\">\n\t\t\t\t\t\t<meta itemprop=\"longitude\" content=\"14.806311224266\">\n\t\t\t\t\t<\/p>\n\t\t\t\t<\/div>\n\t\t\t<\/div>\n\t\t\t\n\n\t\t\t\n\n\t\t\t\n\n\t\t\t\n\t\t<\/div>\n\t<\/div>\n<\/div>\n\n\n<p class=\"has-small-font-size\"><strong style=\"font-size: var(--wp--preset--font-size--small) ; color: initial;\">Route:<\/strong><span style=\"font-size: var(--wp--preset--font-size--small) ; color: initial;\"> <\/span>Ivan\u010dna Gorica\u2013Vi\u0161nja Gora\u2013Pol\u017eevo\u2013Muljava\u2013Krka\u2013Ambrus\u2013Zagradec \u2013Muljava\u2013Hrastov Dol\u2013Dob\u2013Temenica\u2013Sobra\u010de\u2013\u0160entvid pri Sti\u010dni\u2013Sti\u010dna\u2013Metnaj\u2013Ivan\u010dna Gorica<\/p>\n\n\n\n<p><strong>Route elevation profile:<\/strong><\/p>\n\n\n\n<figure class=\"wp-block-image size-full\"><img decoding=\"async\" width=\"676\" height=\"189\" src=\"https:\/\/srce-slovenije.si\/wp-content\/uploads\/2023\/01\/c7.png\" alt=\"\" class=\"wp-image-11215\" srcset=\"https:\/\/srce-slovenije.si\/wp-content\/uploads\/2023\/01\/c7.png 676w, https:\/\/srce-slovenije.si\/wp-content\/uploads\/2023\/01\/c7-300x84.png 300w, https:\/\/srce-slovenije.si\/wp-content\/uploads\/2023\/01\/c7-150x42.png 150w\" sizes=\"(max-width: 676px) 100vw, 676px\" \/><\/figure>\n\n\n\n<p class=\"has-small-font-size\">    <\/p>\n<\/div>\n<\/div>\n\n\n         <div \r\n            class=\"citadela-block-responsive-text weight-700 align-left\"\r\n                                 >\r\n            <p class=\"inner-tag\" style=\"font-size: 18px; font-weight: 700; line-height: 1.49;\"><strong>Route length <\/strong>88,6 km<strong> | Estimated time without stops <\/strong>4,5 hours<strong> | Total ascent\u00a0<\/strong>1.440 m <strong>| Difficult level<\/strong> hard <strong>| Road type and quality\u00a0<\/strong>Asphalt<\/p>         <\/div>\r\n      \n\n\n<p class=\"has-text-align-justify\">The route starts in the centre of Ivan\u010dna Gorica, taking you towards Vi\u0161nja Gora, through the village Kr\u0161ka vas and on a steep climb to Pol\u017eevo. Then the route turns more steeply downhill, leading into the valley and on to Muljava and Krka. A very steep climb brings you to the highest point \u2013 Veliki Korinj (597 m). Leaving Korinj, you will descend to Ambrus. The route turns around here, so that you return towards the valley of the Krka River and turn left. Cycle along the regional road to Muljava, where the road branches right and heads past the church towards Kompolje, Lu\u010darjev Kal, Hrastov Dol to Dob. At the junction in Dob, turn right and, after 1 km, join onto the regional road towards Radohova vas by turning left. Shortly before the railway line, turn right towards Veliki Gaber, branching left after 500 m. After a slight climb, you will reach the village Cesta. Cross the bridge over the railway and turn right before reaching the valley of the River Temenica. Cycle through the valley towards the North all the way to Sobra\u010de, where you will turn back. On leaving Sobra\u010de stay on the main road in the settlement Prapro\u010de pri Temenici<br>and, after a short climb, turn right downhill in the left turn at the beginning of a downhill grade. Continue the ride downhill via the village \u0160entpavel to \u0160entvid pri Sti\u010dni. At the junction with the<br>regional road, turn right and cycle another 500 m, then turn right once again and you are already in Sti\u010dna. There you can climb to a circle in the northern part of the municipality of Ivan\u010dna Gorica, i.e. to the villages Mekinje, Dobrava and Metnaj, or end your journey early and head towards Ivan\u010dna Gorica. You can collect stamps at the information signs standing in all local communities of the municipality of Ivan\u010dna Gorica. The card can be obtained at the Town Hall of Ivan\u010dna Gorica.<\/p>\n\n\n\n<div class=\"wp-block-citadela-blocks-custom-container citadela-block-custom-container size-fullwidth bg-type-color inside-space-none has-bg\" style=\"background-color:rgba(236, 234, 234, 1)\"><div class=\"inner-holder\">         <div \r\n            class=\"citadela-block-responsive-text align-left\"\r\n                                 >\r\n            <h4 class=\"inner-tag\" style=\"\">INTERESTING FACT<\/h4>         <\/div>\r\n      \n\n\n<div class=\"wp-block-media-text alignwide is-stacked-on-mobile is-image-fill\"><figure class=\"wp-block-media-text__media\" style=\"background-image:url(https:\/\/srce-slovenije.si\/wp-content\/uploads\/2023\/01\/jurciceva_pot-1024x594.jpg);background-position:50% 50%\"><img decoding=\"async\" width=\"1024\" height=\"594\" src=\"https:\/\/srce-slovenije.si\/wp-content\/uploads\/2023\/01\/jurciceva_pot-1024x594.jpg\" alt=\"\" class=\"wp-image-11222 size-full\" srcset=\"https:\/\/srce-slovenije.si\/wp-content\/uploads\/2023\/01\/jurciceva_pot-1024x594.jpg 1024w, https:\/\/srce-slovenije.si\/wp-content\/uploads\/2023\/01\/jurciceva_pot-300x174.jpg 300w, https:\/\/srce-slovenije.si\/wp-content\/uploads\/2023\/01\/jurciceva_pot-768x445.jpg 768w, https:\/\/srce-slovenije.si\/wp-content\/uploads\/2023\/01\/jurciceva_pot-900x522.jpg 900w, https:\/\/srce-slovenije.si\/wp-content\/uploads\/2023\/01\/jurciceva_pot-150x87.jpg 150w, https:\/\/srce-slovenije.si\/wp-content\/uploads\/2023\/01\/jurciceva_pot-750x435.jpg 750w, https:\/\/srce-slovenije.si\/wp-content\/uploads\/2023\/01\/jurciceva_pot.jpg 1054w\" sizes=\"(max-width: 1024px) 100vw, 1024px\" \/><\/figure><div class=\"wp-block-media-text__content\">\n<p class=\"has-text-align-justify has-black-color has-text-color\">An idea about the Jur\u010di\u010d Trail which would take hikers from Vi\u0161nja Gora to Muljava was developed at the 150th anniversary of the writer Josip Jur\u010di\u010d\u2019s birth. With its 15 km, it connects wealthy natural and cultural heritage of the municipality of Ivan\u010dna Gorica. Several literary sites complement it as well. The locals are cheerful and friendly,<br>always offering tasty cuisine and making guests Feel at Home.<\/p>\n<\/div><\/div>\n\n\n\n<div class=\"wp-block-citadela-blocks-spacer citadela-block-spacer\"><div class=\"inner-holder\" style=\"padding-top:20px\"><\/div><\/div>\n<\/div><\/div>\n\n\n\n<div class=\"wp-block-citadela-blocks-custom-container citadela-block-custom-container size-content bg-type-color inside-space-none has-bg\" style=\"background-color:rgba(243, 243, 243, 1)\"><div class=\"inner-holder\">\n<h4 class=\"wp-block-heading has-medium-font-size\" style=\"font-style:normal;font-weight:700\">Other on-road cycle routes<\/h4>\n\n\n<\/div><\/div>\n","protected":false},"excerpt":{"rendered":"<p>STARTING POINT Route: Ivan\u010dna Gorica\u2013Vi\u0161nja Gora\u2013Pol\u017eevo\u2013Muljava\u2013Krka\u2013Ambrus\u2013Zagradec \u2013Muljava\u2013Hrastov Dol\u2013Dob\u2013Temenica\u2013Sobra\u010de\u2013\u0160entvid pri Sti\u010dni\u2013Sti\u010dna\u2013Metnaj\u2013Ivan\u010dna Gorica Route elevation profile: The route starts in the centre of Ivan\u010dna Gorica, taking you towards Vi\u0161nja Gora, through the [&hellip;]<\/p>\n","protected":false},"author":11,"featured_media":14666,"menu_order":0,"comment_status":"open","ping_status":"closed","template":"","meta":{"_citadela_hide_page_title":"","_citadela_remove_header_space":"","_citadela_custom_class":"","_citadela_ignore_special_page":true,"_citadela_page_template":"half-layout-template","_citadela_half_map_provider":"","_citadela_half_map_theme":"","_citadela_half_map_themeOSM":"","_citadela_half_map_customTheme":"","_citadela_half_map_dataType":"","_citadela_half_map_dynamicTrack":false,"_citadela_half_map_trackColor":"","_citadela_half_map_trackEndpointsColor":"","_citadela_half_map_filterCategory":"","_citadela_half_map_filterLocation":"","_citadela_half_map_filterFeatured":false,"_citadela_half_map_noDataBehavior":"empty-map","_citadela_half_map_noDataText":"","_citadela_half_map_clusterGridSize":80,"_citadela_header":false,"_citadela_header_over_content":false,"_citadela_header_text_color":"","_citadela_header_logo":[],"_citadela_header_bg_image":[],"_citadela_header_bg_position":{"x":0.5,"y":0.5},"_citadela_header_bg_size":"cover","_citadela_header_bg_repeat":"no-repeat","_citadela_header_bg_fixed":false,"_citadela_header_bg_color":"","_citadela_header_bg_image_overlay":"","_citadela_header_transparent_bg":false,"_citadela_content_width":"","_citadela_half_layout_position":""},"citadela-item-category":[927],"citadela-item-location":[],"class_list":["post-16135","citadela-item","type-citadela-item","status-publish","has-post-thumbnail","hentry","citadela-item-category-road-cycle-routes-en"],"_links":{"self":[{"href":"https:\/\/srce-slovenije.si\/en\/wp-json\/wp\/v2\/citadela-item\/16135","targetHints":{"allow":["GET"]}}],"collection":[{"href":"https:\/\/srce-slovenije.si\/en\/wp-json\/wp\/v2\/citadela-item"}],"about":[{"href":"https:\/\/srce-slovenije.si\/en\/wp-json\/wp\/v2\/types\/citadela-item"}],"author":[{"embeddable":true,"href":"https:\/\/srce-slovenije.si\/en\/wp-json\/wp\/v2\/users\/11"}],"replies":[{"embeddable":true,"href":"https:\/\/srce-slovenije.si\/en\/wp-json\/wp\/v2\/comments?post=16135"}],"version-history":[{"count":0,"href":"https:\/\/srce-slovenije.si\/en\/wp-json\/wp\/v2\/citadela-item\/16135\/revisions"}],"wp:featuredmedia":[{"embeddable":true,"href":"https:\/\/srce-slovenije.si\/en\/wp-json\/wp\/v2\/media\/14666"}],"wp:attachment":[{"href":"https:\/\/srce-slovenije.si\/en\/wp-json\/wp\/v2\/media?parent=16135"}],"wp:term":[{"taxonomy":"citadela-item-category","embeddable":true,"href":"https:\/\/srce-slovenije.si\/en\/wp-json\/wp\/v2\/citadela-item-category?post=16135"},{"taxonomy":"citadela-item-location","embeddable":true,"href":"https:\/\/srce-slovenije.si\/en\/wp-json\/wp\/v2\/citadela-item-location?post=16135"}],"curies":[{"name":"wp","href":"https:\/\/api.w.org\/{rel}","templated":true}]}}

<div class="wp-block-columns is-layout-flex wp-container-core-columns-is-layout-9d6595d7 wp-block-columns-is-layout-flex">
<div class="wp-block-column is-layout-flow wp-block-column-is-layout-flow">                <div 
            class="wp-block-citadela-blocks ctdl-item-featured-image align-center size-full"
                        	
            style=""        >
            <div class="ft-image-thumb">
                <div class="ft-image">
                                    <img decoding="async" 
                        src="https://srce-slovenije.si/wp-content/uploads/2023/01/c7-scaled.jpg"
                        width="2560"
                        height="1707"
                        srcset="https://srce-slovenije.si/wp-content/uploads/2023/01/c7-scaled.jpg 2560w, https://srce-slovenije.si/wp-content/uploads/2023/01/c7-300x200.jpg 300w, https://srce-slovenije.si/wp-content/uploads/2023/01/c7-1024x683.jpg 1024w, https://srce-slovenije.si/wp-content/uploads/2023/01/c7-768x512.jpg 768w, https://srce-slovenije.si/wp-content/uploads/2023/01/c7-1536x1024.jpg 1536w, https://srce-slovenije.si/wp-content/uploads/2023/01/c7-2048x1365.jpg 2048w, https://srce-slovenije.si/wp-content/uploads/2023/01/c7-1200x800.jpg 1200w, https://srce-slovenije.si/wp-content/uploads/2023/01/c7-900x600.jpg 900w, https://srce-slovenije.si/wp-content/uploads/2023/01/c7-150x100.jpg 150w, https://srce-slovenije.si/wp-content/uploads/2023/01/c7-750x500.jpg 750w, https://srce-slovenije.si/wp-content/uploads/2023/01/c7-1140x760.jpg 1140w"
                        sizes="(max-width: 2560px) 100vw, 2560px"
                        alt="C7: Feel at Home"
                        style=""                    />
                                </div>
                            </div>
        </div>
                


<div class="wp-block-citadela-blocks-spacer citadela-block-spacer"><div class="inner-holder" style="padding-top:20px"></div></div>


        <div class="wp-block-citadela-blocks ctdl-item-gpx-download align-left small-button-style">
            <div class="download-button">
                <a href="https://srce-slovenije.si/wp-content/uploads/2023/01/C7_Prijetno-domace-s-kolesa.gpx" class="button-text" style="" download>Prenesi  GPX datoteko</a>
            </div>
        </div>
        

        <div class="wp-block-citadela-blocks ctdl-item-get-directions align-left small-button-style">
            <div class="button-wrapper">
                <a href="https://www.google.com/maps/dir/?api=1&#038;destination=45.938884923329,14.806311224266" class="button-text" style="" target="_blank">Načrtuj pot</a>
            </div>
        </div>
        </div>



<div class="wp-block-column is-layout-flow wp-block-column-is-layout-flow">
<p><strong>STARTING POINT</strong></p>


<div class="wp-block-citadela-blocks ctdl-item-contact-details ">

    

	<div class="citadela-block-articles">
		<div class="citadela-block-articles-wrap">

						<div class="cd-info cd-address" itemscope itemtype="http://schema.org/PostalAddress">
				<div class="cd-label"><p>Address</p></div>
				<div class="cd-data" itemprop="streetAddress">
					<p>Sokolska ulica, 1295 Ivančna Gorica</p>
				</div>
			</div>
			

						<div class="cd-info cd-gps" itemscope itemtype="http://schema.org/Place">
				<div class="cd-label"><p>GPS</p></div>
				<div class="cd-data" itemprop="geo" itemscope itemtype="http://schema.org/GeoCoordinates">
					<p>
						45.938884923329, 14.806311224266						<meta itemprop="latitude" content="45.938884923329">
						<meta itemprop="longitude" content="14.806311224266">
					</p>
				</div>
			</div>
			

			

			

			
		</div>
	</div>
</div>


<p class="has-small-font-size"><strong style="font-size: var(--wp--preset--font-size--small) ; color: initial;">Route:</strong><span style="font-size: var(--wp--preset--font-size--small) ; color: initial;"> </span>Ivančna Gorica–Višnja Gora–Polževo–Muljava–Krka–Ambrus–Zagradec –Muljava–Hrastov Dol–Dob–Temenica–Sobrače–Šentvid pri Stični–Stična–Metnaj–Ivančna Gorica</p>



<p><strong>Route elevation profile:</strong></p>



<figure class="wp-block-image size-full"><img decoding="async" width="676" height="189" src="https://srce-slovenije.si/wp-content/uploads/2023/01/c7.png" alt="" class="wp-image-11215" srcset="https://srce-slovenije.si/wp-content/uploads/2023/01/c7.png 676w, https://srce-slovenije.si/wp-content/uploads/2023/01/c7-300x84.png 300w, https://srce-slovenije.si/wp-content/uploads/2023/01/c7-150x42.png 150w" sizes="(max-width: 676px) 100vw, 676px" /></figure>



<p class="has-small-font-size">    </p>
</div>
</div>


         <div 
            class="citadela-block-responsive-text weight-700 align-left"
                                 >
            <p class="inner-tag" style="font-size: 18px; font-weight: 700; line-height: 1.49;"><strong>Route length </strong>88,6 km<strong> | Estimated time without stops </strong>4,5 hours<strong> | Total ascent </strong>1.440 m <strong>| Difficult level</strong> hard <strong>| Road type and quality </strong>Asphalt</p>         </div>
      


<p class="has-text-align-justify">The route starts in the centre of Ivančna Gorica, taking you towards Višnja Gora, through the village Krška vas and on a steep climb to Polževo. Then the route turns more steeply downhill, leading into the valley and on to Muljava and Krka. A very steep climb brings you to the highest point – Veliki Korinj (597 m). Leaving Korinj, you will descend to Ambrus. The route turns around here, so that you return towards the valley of the Krka River and turn left. Cycle along the regional road to Muljava, where the road branches right and heads past the church towards Kompolje, Lučarjev Kal, Hrastov Dol to Dob. At the junction in Dob, turn right and, after 1 km, join onto the regional road towards Radohova vas by turning left. Shortly before the railway line, turn right towards Veliki Gaber, branching left after 500 m. After a slight climb, you will reach the village Cesta. Cross the bridge over the railway and turn right before reaching the valley of the River Temenica. Cycle through the valley towards the North all the way to Sobrače, where you will turn back. On leaving Sobrače stay on the main road in the settlement Praproče pri Temenici<br>and, after a short climb, turn right downhill in the left turn at the beginning of a downhill grade. Continue the ride downhill via the village Šentpavel to Šentvid pri Stični. At the junction with the<br>regional road, turn right and cycle another 500 m, then turn right once again and you are already in Stična. There you can climb to a circle in the northern part of the municipality of Ivančna Gorica, i.e. to the villages Mekinje, Dobrava and Metnaj, or end your journey early and head towards Ivančna Gorica. You can collect stamps at the information signs standing in all local communities of the municipality of Ivančna Gorica. The card can be obtained at the Town Hall of Ivančna Gorica.</p>



<div class="wp-block-citadela-blocks-custom-container citadela-block-custom-container size-fullwidth bg-type-color inside-space-none has-bg" style="background-color:rgba(236, 234, 234, 1)"><div class="inner-holder">         <div 
            class="citadela-block-responsive-text align-left"
                                 >
            <h4 class="inner-tag" style="">INTERESTING FACT</h4>         </div>
      


<div class="wp-block-media-text alignwide is-stacked-on-mobile is-image-fill"><figure class="wp-block-media-text__media" style="background-image:url(https://srce-slovenije.si/wp-content/uploads/2023/01/jurciceva_pot-1024x594.jpg);background-position:50% 50%"><img decoding="async" width="1024" height="594" src="https://srce-slovenije.si/wp-content/uploads/2023/01/jurciceva_pot-1024x594.jpg" alt="" class="wp-image-11222 size-full" srcset="https://srce-slovenije.si/wp-content/uploads/2023/01/jurciceva_pot-1024x594.jpg 1024w, https://srce-slovenije.si/wp-content/uploads/2023/01/jurciceva_pot-300x174.jpg 300w, https://srce-slovenije.si/wp-content/uploads/2023/01/jurciceva_pot-768x445.jpg 768w, https://srce-slovenije.si/wp-content/uploads/2023/01/jurciceva_pot-900x522.jpg 900w, https://srce-slovenije.si/wp-content/uploads/2023/01/jurciceva_pot-150x87.jpg 150w, https://srce-slovenije.si/wp-content/uploads/2023/01/jurciceva_pot-750x435.jpg 750w, https://srce-slovenije.si/wp-content/uploads/2023/01/jurciceva_pot.jpg 1054w" sizes="(max-width: 1024px) 100vw, 1024px" /></figure><div class="wp-block-media-text__content">
<p class="has-text-align-justify has-black-color has-text-color">An idea about the Jurčič Trail which would take hikers from Višnja Gora to Muljava was developed at the 150th anniversary of the writer Josip Jurčič’s birth. With its 15 km, it connects wealthy natural and cultural heritage of the municipality of Ivančna Gorica. Several literary sites complement it as well. The locals are cheerful and friendly,<br>always offering tasty cuisine and making guests Feel at Home.</p>
</div></div>



<div class="wp-block-citadela-blocks-spacer citadela-block-spacer"><div class="inner-holder" style="padding-top:20px"></div></div>
</div></div>



<div class="wp-block-citadela-blocks-custom-container citadela-block-custom-container size-content bg-type-color inside-space-none has-bg" style="background-color:rgba(243, 243, 243, 1)"><div class="inner-holder">
<h4 class="wp-block-heading has-medium-font-size" style="font-style:normal;font-weight:700">Other on-road cycle routes</h4>


</div></div>

<p>STARTING POINT Route: Ivančna Gorica–Višnja Gora–Polževo–Muljava–Krka–Ambrus–Zagradec –Muljava–Hrastov Dol–Dob–Temenica–Sobrače–Šentvid pri Stični–Stična–Metnaj–Ivančna Gorica Route elevation profile: The route starts in the centre of Ivančna Gorica, taking you towards Višnja Gora, through the [&hellip;]</p>
