{"id":16224,"date":"2023-01-02T17:33:07","date_gmt":"2023-01-02T16:33:07","guid":{"rendered":"https:\/\/srce-slovenije.si\/predmet\/g6-na-kolo-s-svetim-martinom\/"},"modified":"2023-05-25T09:01:45","modified_gmt":"2023-05-25T07:01:45","slug":"g6-cycling-with-saint-martin","status":"publish","type":"citadela-item","link":"https:\/\/srce-slovenije.si\/en\/predmet\/g6-cycling-with-saint-martin\/","title":{"rendered":"G6: Cycling with Saint Martin"},"content":{"rendered":"\n<div class=\"wp-block-columns is-layout-flex wp-container-core-columns-is-layout-9d6595d7 wp-block-columns-is-layout-flex\">\n<div class=\"wp-block-column is-layout-flow wp-block-column-is-layout-flow\">                <div \r\n            class=\"wp-block-citadela-blocks ctdl-item-featured-image align-center size-full\"\r\n                        \t\r\n            style=\"\"        >\r\n            <div class=\"ft-image-thumb\">\r\n                <div class=\"ft-image\">\r\n                                    <img decoding=\"async\" \r\n                        src=\"https:\/\/srce-slovenije.si\/wp-content\/uploads\/2023\/01\/g6-scaled.jpg\"\r\n                        width=\"2560\"\r\n                        height=\"1706\"\r\n                        srcset=\"https:\/\/srce-slovenije.si\/wp-content\/uploads\/2023\/01\/g6-scaled.jpg 2560w, https:\/\/srce-slovenije.si\/wp-content\/uploads\/2023\/01\/g6-300x200.jpg 300w, https:\/\/srce-slovenije.si\/wp-content\/uploads\/2023\/01\/g6-1024x682.jpg 1024w, https:\/\/srce-slovenije.si\/wp-content\/uploads\/2023\/01\/g6-768x512.jpg 768w, https:\/\/srce-slovenije.si\/wp-content\/uploads\/2023\/01\/g6-1536x1023.jpg 1536w, https:\/\/srce-slovenije.si\/wp-content\/uploads\/2023\/01\/g6-2048x1365.jpg 2048w, https:\/\/srce-slovenije.si\/wp-content\/uploads\/2023\/01\/g6-1200x800.jpg 1200w, https:\/\/srce-slovenije.si\/wp-content\/uploads\/2023\/01\/g6-900x600.jpg 900w, https:\/\/srce-slovenije.si\/wp-content\/uploads\/2023\/01\/g6-150x100.jpg 150w, https:\/\/srce-slovenije.si\/wp-content\/uploads\/2023\/01\/g6-750x500.jpg 750w, https:\/\/srce-slovenije.si\/wp-content\/uploads\/2023\/01\/g6-1140x760.jpg 1140w\"\r\n                        sizes=\"(max-width: 2560px) 100vw, 2560px\"\r\n                        alt=\"G6: Cycling with Saint Martin\"\r\n                        style=\"\"                    \/>\r\n                                <\/div>\r\n                            <\/div>\r\n        <\/div>\r\n                \n\n\n<div class=\"wp-block-citadela-blocks-spacer citadela-block-spacer\"><div class=\"inner-holder\" style=\"padding-top:20px\"><\/div><\/div>\n\n\n        <div class=\"wp-block-citadela-blocks ctdl-item-gpx-download align-left small-button-style\">\r\n            <div class=\"download-button\">\r\n                <a href=\"https:\/\/srce-slovenije.si\/wp-content\/uploads\/2023\/01\/G6-Na-kolo-s-svetim-Martinom.gpx\" class=\"button-text\" style=\"\" download>Prenesi  GPX datoteko<\/a>\r\n            <\/div>\r\n        <\/div>\r\n        \n\n        <div class=\"wp-block-citadela-blocks ctdl-item-get-directions align-left small-button-style\">\r\n            <div class=\"button-wrapper\">\r\n                <a href=\"https:\/\/www.google.com\/maps\/dir\/?api=1&#038;destination=46.043919183612,14.842537010597\" class=\"button-text\" style=\"\" target=\"_blank\">Na\u010drtuj pot<\/a>\r\n            <\/div>\r\n        <\/div>\r\n        <\/div>\n\n\n\n<div class=\"wp-block-column is-layout-flow wp-block-column-is-layout-flow\">\n<p><strong>STARTING POINT<\/strong><\/p>\n\n\n<div class=\"wp-block-citadela-blocks ctdl-item-contact-details \">\n\n    \n\n\t<div class=\"citadela-block-articles\">\n\t\t<div class=\"citadela-block-articles-wrap\">\n\n\t\t\t\t\t\t<div class=\"cd-info cd-address\" itemscope itemtype=\"http:\/\/schema.org\/PostalAddress\">\n\t\t\t\t<div class=\"cd-label\"><p>Address<\/p><\/div>\n\t\t\t\t<div class=\"cd-data\" itemprop=\"streetAddress\">\n\t\t\t\t\t<p>Sv. Martin, \u0160martno pri litiji<\/p>\n\t\t\t\t<\/div>\n\t\t\t<\/div>\n\t\t\t\n\n\t\t\t\t\t\t<div class=\"cd-info cd-gps\" itemscope itemtype=\"http:\/\/schema.org\/Place\">\n\t\t\t\t<div class=\"cd-label\"><p>GPS<\/p><\/div>\n\t\t\t\t<div class=\"cd-data\" itemprop=\"geo\" itemscope itemtype=\"http:\/\/schema.org\/GeoCoordinates\">\n\t\t\t\t\t<p>\n\t\t\t\t\t\t46.043919183612, 14.842537010597\t\t\t\t\t\t<meta itemprop=\"latitude\" content=\"46.043919183612\">\n\t\t\t\t\t\t<meta itemprop=\"longitude\" content=\"14.842537010597\">\n\t\t\t\t\t<\/p>\n\t\t\t\t<\/div>\n\t\t\t<\/div>\n\t\t\t\n\n\t\t\t\n\n\t\t\t\n\n\t\t\t\n\t\t<\/div>\n\t<\/div>\n<\/div>\n\n\n<p class=\"has-small-font-size\"><strong style=\"font-size: var(--wp--preset--font-size--small);color: initial\">Route:<\/strong><span style=\"font-size: var(--wp--preset--font-size--small);color: initial\"> <\/span>\u0160martno pri Litiji\u2013Osredek nad Sti\u010dno\u2013Pristava\u2013\u0160entvid pri Sti\u010dni\u2013 Velike \u010ce\u0161njice\u2013Sobra\u010de\u2013Primskova gora<\/p>\n\n\n\n<p><strong>Route elevation profile:<\/strong><\/p>\n\n\n\n<figure class=\"wp-block-image size-full\"><img decoding=\"async\" width=\"679\" height=\"197\" src=\"https:\/\/srce-slovenije.si\/wp-content\/uploads\/2023\/01\/g6.png\" alt=\"\" class=\"wp-image-11264\" srcset=\"https:\/\/srce-slovenije.si\/wp-content\/uploads\/2023\/01\/g6.png 679w, https:\/\/srce-slovenije.si\/wp-content\/uploads\/2023\/01\/g6-300x87.png 300w, https:\/\/srce-slovenije.si\/wp-content\/uploads\/2023\/01\/g6-150x44.png 150w\" sizes=\"(max-width: 679px) 100vw, 679px\" \/><\/figure>\n\n\n\n<p class=\"has-small-font-size\">    <\/p>\n<\/div>\n<\/div>\n\n\n         <div \r\n            class=\"citadela-block-responsive-text align-left\"\r\n                                 >\r\n            <p class=\"inner-tag\" style=\"font-size: 18px; line-height: 1.49;\"><strong>Route length<\/strong>\u00a031,5 km<strong>\u00a0| Estimated time without stops\u00a0<\/strong>2,5 hours<strong>\u00a0| Total ascent\u00a0<\/strong>1.070 m<strong>\u00a0| Difficult level<\/strong> hard<strong>\u00a0| Road type and quality\u00a0<\/strong>macadam, forest trail asphalt<\/p>         <\/div>\r\n      \n\n\n<p class=\"has-text-align-justify\">The starting point is in \u0160martno pri Litiji on the regional road which takes you towards Bogen\u0161perk. At the bus turning point by the school, turn sharply right into a new settlement. The route takes you above the settlement where the asphalt ends. Do not join the macadam road but turn left along the trail taking you across the meadow and onto the cart track which runs to Sv. Ve\u010der. Then descend along the asphalt road taking you towards the South and on to a remote farm. The cart track takes you along the ridge descending to the asphalt road. Cycle towards the South and to Ravni Osredek, where macadam starts \u2013 first steep, then gently sloping. The route joins onto the road Debe\u010de-Osredek. Turn left downhill towards Debe\u010de and, at the crossroads, right downhill into the valley of the stream Bukovica. The route takes you to the pass, turning left at the crossroads and towards the hunting cabin. Follow the cart track which takes you to Pristava nad Sti\u010dno, then follow the grassy cart track to Dobrava pri Sti\u010dni. Turn left onto a grassy cart track again which takes you to the asphalt road circling Gradi\u0161\u010de. Shortly after the turning, turn left and cycle along the cart track to the village Pristavlja vas. Continue along the road to \u0160entvid pri Sti\u010dni and on to Male \u010ce\u0161njice and Velike \u010ce\u0161njice. Join onto the macadam road shortly after Predulce and cycle past Mali Kal to Bukovica. Stay right at the Kajar Farm and continue along the meadow\u2019s edge. The cart track takes you to the pass, heading uphill towards the North, then right to Sobra\u010de. In Sobra\u010de, turn right onto the main road, turn left at the first junction and go through the valley of the stream Je\u0161ko. At the crossroads, turn right towards Mi\u0161ji Dol, then turn right once again and climb to the top of the hill Primskova gora.<\/p>\n\n\n\n<div class=\"wp-block-citadela-blocks-custom-container citadela-block-custom-container size-fullwidth bg-type-color inside-space-none has-bg\" style=\"background-color:rgba(236, 234, 234, 1)\"><div class=\"inner-holder\">         <div \r\n            class=\"citadela-block-responsive-text align-left\"\r\n                                 >\r\n            <h4 class=\"inner-tag\" style=\"\">INTERESTING FACT<\/h4>         <\/div>\r\n      \n\n\n<div class=\"wp-block-media-text alignwide is-stacked-on-mobile is-image-fill\"><figure class=\"wp-block-media-text__media\" style=\"background-image:url(https:\/\/srce-slovenije.si\/wp-content\/uploads\/2023\/01\/cerkev-svetega-martina-smartno-pri-litiji-08-1024x684.jpg);background-position:50% 50%\"><img decoding=\"async\" width=\"1024\" height=\"684\" src=\"https:\/\/srce-slovenije.si\/wp-content\/uploads\/2023\/01\/cerkev-svetega-martina-smartno-pri-litiji-08-1024x684.jpg\" alt=\"\" class=\"wp-image-11265 size-full\" srcset=\"https:\/\/srce-slovenije.si\/wp-content\/uploads\/2023\/01\/cerkev-svetega-martina-smartno-pri-litiji-08-1024x684.jpg 1024w, https:\/\/srce-slovenije.si\/wp-content\/uploads\/2023\/01\/cerkev-svetega-martina-smartno-pri-litiji-08-300x200.jpg 300w, https:\/\/srce-slovenije.si\/wp-content\/uploads\/2023\/01\/cerkev-svetega-martina-smartno-pri-litiji-08-768x513.jpg 768w, https:\/\/srce-slovenije.si\/wp-content\/uploads\/2023\/01\/cerkev-svetega-martina-smartno-pri-litiji-08-1536x1025.jpg 1536w, https:\/\/srce-slovenije.si\/wp-content\/uploads\/2023\/01\/cerkev-svetega-martina-smartno-pri-litiji-08-1200x800.jpg 1200w, https:\/\/srce-slovenije.si\/wp-content\/uploads\/2023\/01\/cerkev-svetega-martina-smartno-pri-litiji-08-900x601.jpg 900w, https:\/\/srce-slovenije.si\/wp-content\/uploads\/2023\/01\/cerkev-svetega-martina-smartno-pri-litiji-08-150x100.jpg 150w, https:\/\/srce-slovenije.si\/wp-content\/uploads\/2023\/01\/cerkev-svetega-martina-smartno-pri-litiji-08-750x501.jpg 750w, https:\/\/srce-slovenije.si\/wp-content\/uploads\/2023\/01\/cerkev-svetega-martina-smartno-pri-litiji-08-1140x761.jpg 1140w, https:\/\/srce-slovenije.si\/wp-content\/uploads\/2023\/01\/cerkev-svetega-martina-smartno-pri-litiji-08.jpg 1618w\" sizes=\"(max-width: 1024px) 100vw, 1024px\" \/><\/figure><div class=\"wp-block-media-text__content\">\n<p class=\"has-text-align-justify\">\u0160martno pri Litija is a town located at an important crossroads of roads connecting Dolenjska, Zasavje and Ljubljana. Valvazor mentions that there were many craftsmen, especially leatherworkers, furriers, blacksmiths and furriers. In the middle of the square, St Martin&#8217;s Church, a neo-Gothic cathedral from 1901, rises into the sky.<\/p>\n<\/div><\/div>\n\n\n\n<div class=\"wp-block-citadela-blocks-spacer citadela-block-spacer\"><div class=\"inner-holder\" style=\"padding-top:20px\"><\/div><\/div>\n<\/div><\/div>\n\n\n\n<div class=\"wp-block-citadela-blocks-custom-container citadela-block-custom-container size-content bg-type-color inside-space-none has-bg\" style=\"background-color:rgba(243, 243, 243, 1)\"><div class=\"inner-holder\">\n<h4 class=\"wp-block-heading has-medium-font-size\" style=\"font-style:normal;font-weight:700\">Other mountain bike routes<\/h4>\n\n\n<\/div><\/div>\n","protected":false},"excerpt":{"rendered":"<p>STARTING POINT Route: \u0160martno pri Litiji\u2013Osredek nad Sti\u010dno\u2013Pristava\u2013\u0160entvid pri Sti\u010dni\u2013 Velike \u010ce\u0161njice\u2013Sobra\u010de\u2013Primskova gora Route elevation profile: The starting point is in \u0160martno pri Litiji on the regional road which takes [&hellip;]<\/p>\n","protected":false},"author":11,"featured_media":14689,"menu_order":0,"comment_status":"open","ping_status":"closed","template":"","meta":{"_citadela_hide_page_title":"","_citadela_remove_header_space":"","_citadela_custom_class":"","_citadela_ignore_special_page":true,"_citadela_page_template":"half-layout-template","_citadela_half_map_provider":"","_citadela_half_map_theme":"","_citadela_half_map_themeOSM":"","_citadela_half_map_customTheme":"","_citadela_half_map_dataType":"","_citadela_half_map_dynamicTrack":false,"_citadela_half_map_trackColor":"","_citadela_half_map_trackEndpointsColor":"","_citadela_half_map_filterCategory":"","_citadela_half_map_filterLocation":"","_citadela_half_map_filterFeatured":false,"_citadela_half_map_noDataBehavior":"empty-map","_citadela_half_map_noDataText":"","_citadela_half_map_clusterGridSize":80,"_citadela_header":false,"_citadela_header_over_content":false,"_citadela_header_text_color":"","_citadela_header_logo":[],"_citadela_header_bg_image":[],"_citadela_header_bg_position":{"x":0.5,"y":0.5},"_citadela_header_bg_size":"cover","_citadela_header_bg_repeat":"no-repeat","_citadela_header_bg_fixed":false,"_citadela_header_bg_color":"","_citadela_header_bg_image_overlay":"","_citadela_header_transparent_bg":false,"_citadela_content_width":"","_citadela_half_layout_position":""},"citadela-item-category":[928],"citadela-item-location":[],"class_list":["post-16224","citadela-item","type-citadela-item","status-publish","has-post-thumbnail","hentry","citadela-item-category-mountain-bike-routes-en"],"_links":{"self":[{"href":"https:\/\/srce-slovenije.si\/en\/wp-json\/wp\/v2\/citadela-item\/16224","targetHints":{"allow":["GET"]}}],"collection":[{"href":"https:\/\/srce-slovenije.si\/en\/wp-json\/wp\/v2\/citadela-item"}],"about":[{"href":"https:\/\/srce-slovenije.si\/en\/wp-json\/wp\/v2\/types\/citadela-item"}],"author":[{"embeddable":true,"href":"https:\/\/srce-slovenije.si\/en\/wp-json\/wp\/v2\/users\/11"}],"replies":[{"embeddable":true,"href":"https:\/\/srce-slovenije.si\/en\/wp-json\/wp\/v2\/comments?post=16224"}],"version-history":[{"count":0,"href":"https:\/\/srce-slovenije.si\/en\/wp-json\/wp\/v2\/citadela-item\/16224\/revisions"}],"wp:featuredmedia":[{"embeddable":true,"href":"https:\/\/srce-slovenije.si\/en\/wp-json\/wp\/v2\/media\/14689"}],"wp:attachment":[{"href":"https:\/\/srce-slovenije.si\/en\/wp-json\/wp\/v2\/media?parent=16224"}],"wp:term":[{"taxonomy":"citadela-item-category","embeddable":true,"href":"https:\/\/srce-slovenije.si\/en\/wp-json\/wp\/v2\/citadela-item-category?post=16224"},{"taxonomy":"citadela-item-location","embeddable":true,"href":"https:\/\/srce-slovenije.si\/en\/wp-json\/wp\/v2\/citadela-item-location?post=16224"}],"curies":[{"name":"wp","href":"https:\/\/api.w.org\/{rel}","templated":true}]}}

<div class="wp-block-columns is-layout-flex wp-container-core-columns-is-layout-9d6595d7 wp-block-columns-is-layout-flex">
<div class="wp-block-column is-layout-flow wp-block-column-is-layout-flow">                <div 
            class="wp-block-citadela-blocks ctdl-item-featured-image align-center size-full"
                        	
            style=""        >
            <div class="ft-image-thumb">
                <div class="ft-image">
                                    <img decoding="async" 
                        src="https://srce-slovenije.si/wp-content/uploads/2023/01/g6-scaled.jpg"
                        width="2560"
                        height="1706"
                        srcset="https://srce-slovenije.si/wp-content/uploads/2023/01/g6-scaled.jpg 2560w, https://srce-slovenije.si/wp-content/uploads/2023/01/g6-300x200.jpg 300w, https://srce-slovenije.si/wp-content/uploads/2023/01/g6-1024x682.jpg 1024w, https://srce-slovenije.si/wp-content/uploads/2023/01/g6-768x512.jpg 768w, https://srce-slovenije.si/wp-content/uploads/2023/01/g6-1536x1023.jpg 1536w, https://srce-slovenije.si/wp-content/uploads/2023/01/g6-2048x1365.jpg 2048w, https://srce-slovenije.si/wp-content/uploads/2023/01/g6-1200x800.jpg 1200w, https://srce-slovenije.si/wp-content/uploads/2023/01/g6-900x600.jpg 900w, https://srce-slovenije.si/wp-content/uploads/2023/01/g6-150x100.jpg 150w, https://srce-slovenije.si/wp-content/uploads/2023/01/g6-750x500.jpg 750w, https://srce-slovenije.si/wp-content/uploads/2023/01/g6-1140x760.jpg 1140w"
                        sizes="(max-width: 2560px) 100vw, 2560px"
                        alt="G6: Cycling with Saint Martin"
                        style=""                    />
                                </div>
                            </div>
        </div>
                


<div class="wp-block-citadela-blocks-spacer citadela-block-spacer"><div class="inner-holder" style="padding-top:20px"></div></div>


        <div class="wp-block-citadela-blocks ctdl-item-gpx-download align-left small-button-style">
            <div class="download-button">
                <a href="https://srce-slovenije.si/wp-content/uploads/2023/01/G6-Na-kolo-s-svetim-Martinom.gpx" class="button-text" style="" download>Prenesi  GPX datoteko</a>
            </div>
        </div>
        

        <div class="wp-block-citadela-blocks ctdl-item-get-directions align-left small-button-style">
            <div class="button-wrapper">
                <a href="https://www.google.com/maps/dir/?api=1&#038;destination=46.043919183612,14.842537010597" class="button-text" style="" target="_blank">Načrtuj pot</a>
            </div>
        </div>
        </div>



<div class="wp-block-column is-layout-flow wp-block-column-is-layout-flow">
<p><strong>STARTING POINT</strong></p>


<div class="wp-block-citadela-blocks ctdl-item-contact-details ">

    

	<div class="citadela-block-articles">
		<div class="citadela-block-articles-wrap">

						<div class="cd-info cd-address" itemscope itemtype="http://schema.org/PostalAddress">
				<div class="cd-label"><p>Address</p></div>
				<div class="cd-data" itemprop="streetAddress">
					<p>Sv. Martin, Šmartno pri litiji</p>
				</div>
			</div>
			

						<div class="cd-info cd-gps" itemscope itemtype="http://schema.org/Place">
				<div class="cd-label"><p>GPS</p></div>
				<div class="cd-data" itemprop="geo" itemscope itemtype="http://schema.org/GeoCoordinates">
					<p>
						46.043919183612, 14.842537010597						<meta itemprop="latitude" content="46.043919183612">
						<meta itemprop="longitude" content="14.842537010597">
					</p>
				</div>
			</div>
			

			

			

			
		</div>
	</div>
</div>


<p class="has-small-font-size"><strong style="font-size: var(--wp--preset--font-size--small);color: initial">Route:</strong><span style="font-size: var(--wp--preset--font-size--small);color: initial"> </span>Šmartno pri Litiji–Osredek nad Stično–Pristava–Šentvid pri Stični– Velike Češnjice–Sobrače–Primskova gora</p>



<p><strong>Route elevation profile:</strong></p>



<figure class="wp-block-image size-full"><img decoding="async" width="679" height="197" src="https://srce-slovenije.si/wp-content/uploads/2023/01/g6.png" alt="" class="wp-image-11264" srcset="https://srce-slovenije.si/wp-content/uploads/2023/01/g6.png 679w, https://srce-slovenije.si/wp-content/uploads/2023/01/g6-300x87.png 300w, https://srce-slovenije.si/wp-content/uploads/2023/01/g6-150x44.png 150w" sizes="(max-width: 679px) 100vw, 679px" /></figure>



<p class="has-small-font-size">    </p>
</div>
</div>


         <div 
            class="citadela-block-responsive-text align-left"
                                 >
            <p class="inner-tag" style="font-size: 18px; line-height: 1.49;"><strong>Route length</strong> 31,5 km<strong> | Estimated time without stops </strong>2,5 hours<strong> | Total ascent </strong>1.070 m<strong> | Difficult level</strong> hard<strong> | Road type and quality </strong>macadam, forest trail asphalt</p>         </div>
      


<p class="has-text-align-justify">The starting point is in Šmartno pri Litiji on the regional road which takes you towards Bogenšperk. At the bus turning point by the school, turn sharply right into a new settlement. The route takes you above the settlement where the asphalt ends. Do not join the macadam road but turn left along the trail taking you across the meadow and onto the cart track which runs to Sv. Večer. Then descend along the asphalt road taking you towards the South and on to a remote farm. The cart track takes you along the ridge descending to the asphalt road. Cycle towards the South and to Ravni Osredek, where macadam starts – first steep, then gently sloping. The route joins onto the road Debeče-Osredek. Turn left downhill towards Debeče and, at the crossroads, right downhill into the valley of the stream Bukovica. The route takes you to the pass, turning left at the crossroads and towards the hunting cabin. Follow the cart track which takes you to Pristava nad Stično, then follow the grassy cart track to Dobrava pri Stični. Turn left onto a grassy cart track again which takes you to the asphalt road circling Gradišče. Shortly after the turning, turn left and cycle along the cart track to the village Pristavlja vas. Continue along the road to Šentvid pri Stični and on to Male Češnjice and Velike Češnjice. Join onto the macadam road shortly after Predulce and cycle past Mali Kal to Bukovica. Stay right at the Kajar Farm and continue along the meadow’s edge. The cart track takes you to the pass, heading uphill towards the North, then right to Sobrače. In Sobrače, turn right onto the main road, turn left at the first junction and go through the valley of the stream Ješko. At the crossroads, turn right towards Mišji Dol, then turn right once again and climb to the top of the hill Primskova gora.</p>



<div class="wp-block-citadela-blocks-custom-container citadela-block-custom-container size-fullwidth bg-type-color inside-space-none has-bg" style="background-color:rgba(236, 234, 234, 1)"><div class="inner-holder">         <div 
            class="citadela-block-responsive-text align-left"
                                 >
            <h4 class="inner-tag" style="">INTERESTING FACT</h4>         </div>
      


<div class="wp-block-media-text alignwide is-stacked-on-mobile is-image-fill"><figure class="wp-block-media-text__media" style="background-image:url(https://srce-slovenije.si/wp-content/uploads/2023/01/cerkev-svetega-martina-smartno-pri-litiji-08-1024x684.jpg);background-position:50% 50%"><img decoding="async" width="1024" height="684" src="https://srce-slovenije.si/wp-content/uploads/2023/01/cerkev-svetega-martina-smartno-pri-litiji-08-1024x684.jpg" alt="" class="wp-image-11265 size-full" srcset="https://srce-slovenije.si/wp-content/uploads/2023/01/cerkev-svetega-martina-smartno-pri-litiji-08-1024x684.jpg 1024w, https://srce-slovenije.si/wp-content/uploads/2023/01/cerkev-svetega-martina-smartno-pri-litiji-08-300x200.jpg 300w, https://srce-slovenije.si/wp-content/uploads/2023/01/cerkev-svetega-martina-smartno-pri-litiji-08-768x513.jpg 768w, https://srce-slovenije.si/wp-content/uploads/2023/01/cerkev-svetega-martina-smartno-pri-litiji-08-1536x1025.jpg 1536w, https://srce-slovenije.si/wp-content/uploads/2023/01/cerkev-svetega-martina-smartno-pri-litiji-08-1200x800.jpg 1200w, https://srce-slovenije.si/wp-content/uploads/2023/01/cerkev-svetega-martina-smartno-pri-litiji-08-900x601.jpg 900w, https://srce-slovenije.si/wp-content/uploads/2023/01/cerkev-svetega-martina-smartno-pri-litiji-08-150x100.jpg 150w, https://srce-slovenije.si/wp-content/uploads/2023/01/cerkev-svetega-martina-smartno-pri-litiji-08-750x501.jpg 750w, https://srce-slovenije.si/wp-content/uploads/2023/01/cerkev-svetega-martina-smartno-pri-litiji-08-1140x761.jpg 1140w, https://srce-slovenije.si/wp-content/uploads/2023/01/cerkev-svetega-martina-smartno-pri-litiji-08.jpg 1618w" sizes="(max-width: 1024px) 100vw, 1024px" /></figure><div class="wp-block-media-text__content">
<p class="has-text-align-justify">Šmartno pri Litija is a town located at an important crossroads of roads connecting Dolenjska, Zasavje and Ljubljana. Valvazor mentions that there were many craftsmen, especially leatherworkers, furriers, blacksmiths and furriers. In the middle of the square, St Martin&#8217;s Church, a neo-Gothic cathedral from 1901, rises into the sky.</p>
</div></div>



<div class="wp-block-citadela-blocks-spacer citadela-block-spacer"><div class="inner-holder" style="padding-top:20px"></div></div>
</div></div>



<div class="wp-block-citadela-blocks-custom-container citadela-block-custom-container size-content bg-type-color inside-space-none has-bg" style="background-color:rgba(243, 243, 243, 1)"><div class="inner-holder">
<h4 class="wp-block-heading has-medium-font-size" style="font-style:normal;font-weight:700">Other mountain bike routes</h4>


</div></div>

<p>STARTING POINT Route: Šmartno pri Litiji–Osredek nad Stično–Pristava–Šentvid pri Stični– Velike Češnjice–Sobrače–Primskova gora Route elevation profile: The starting point is in Šmartno pri Litiji on the regional road which takes [&hellip;]</p>
