{"id":16233,"date":"2023-01-02T16:21:56","date_gmt":"2023-01-02T15:21:56","guid":{"rendered":"https:\/\/srce-slovenije.si\/predmet\/g3-po-sledeh-visnjanskega-polza\/"},"modified":"2023-05-25T08:58:46","modified_gmt":"2023-05-25T06:58:46","slug":"g3-following-the-trail-of-the-snail-of-visnja-gora","status":"publish","type":"citadela-item","link":"https:\/\/srce-slovenije.si\/en\/predmet\/g3-following-the-trail-of-the-snail-of-visnja-gora\/","title":{"rendered":"G3: Following the trail of the Snail of Vi\u0161nja Gora"},"content":{"rendered":"\n<div class=\"wp-block-columns is-layout-flex wp-container-core-columns-is-layout-9d6595d7 wp-block-columns-is-layout-flex\">\n<div class=\"wp-block-column is-layout-flow wp-block-column-is-layout-flow\">                <div \r\n            class=\"wp-block-citadela-blocks ctdl-item-featured-image align-center size-full\"\r\n                        \t\r\n            style=\"\"        >\r\n            <div class=\"ft-image-thumb\">\r\n                <div class=\"ft-image\">\r\n                                    <img decoding=\"async\" \r\n                        src=\"https:\/\/srce-slovenije.si\/wp-content\/uploads\/2023\/01\/g3-kmetija_coz-scaled.jpg\"\r\n                        width=\"2560\"\r\n                        height=\"1707\"\r\n                        srcset=\"https:\/\/srce-slovenije.si\/wp-content\/uploads\/2023\/01\/g3-kmetija_coz-scaled.jpg 2560w, https:\/\/srce-slovenije.si\/wp-content\/uploads\/2023\/01\/g3-kmetija_coz-300x200.jpg 300w, https:\/\/srce-slovenije.si\/wp-content\/uploads\/2023\/01\/g3-kmetija_coz-1024x683.jpg 1024w, https:\/\/srce-slovenije.si\/wp-content\/uploads\/2023\/01\/g3-kmetija_coz-768x512.jpg 768w, https:\/\/srce-slovenije.si\/wp-content\/uploads\/2023\/01\/g3-kmetija_coz-1536x1024.jpg 1536w, https:\/\/srce-slovenije.si\/wp-content\/uploads\/2023\/01\/g3-kmetija_coz-2048x1365.jpg 2048w, https:\/\/srce-slovenije.si\/wp-content\/uploads\/2023\/01\/g3-kmetija_coz-1200x800.jpg 1200w, https:\/\/srce-slovenije.si\/wp-content\/uploads\/2023\/01\/g3-kmetija_coz-900x600.jpg 900w, https:\/\/srce-slovenije.si\/wp-content\/uploads\/2023\/01\/g3-kmetija_coz-150x100.jpg 150w, https:\/\/srce-slovenije.si\/wp-content\/uploads\/2023\/01\/g3-kmetija_coz-750x500.jpg 750w, https:\/\/srce-slovenije.si\/wp-content\/uploads\/2023\/01\/g3-kmetija_coz-1140x760.jpg 1140w\"\r\n                        sizes=\"(max-width: 2560px) 100vw, 2560px\"\r\n                        alt=\"G3: Following the trail of the Snail of Vi\u0161nja Gora\"\r\n                        style=\"\"                    \/>\r\n                                <\/div>\r\n                            <\/div>\r\n        <\/div>\r\n                \n\n\n<div class=\"wp-block-citadela-blocks-spacer citadela-block-spacer\"><div class=\"inner-holder\" style=\"padding-top:20px\"><\/div><\/div>\n\n\n        <div class=\"wp-block-citadela-blocks ctdl-item-gpx-download align-left small-button-style\">\r\n            <div class=\"download-button\">\r\n                <a href=\"https:\/\/srce-slovenije.si\/wp-content\/uploads\/2023\/01\/G3-Po-sledeh-Visnjaskega-polza.gpx\" class=\"button-text\" style=\"\" download>Prenesi  GPX datoteko<\/a>\r\n            <\/div>\r\n        <\/div>\r\n        \n\n        <div class=\"wp-block-citadela-blocks ctdl-item-get-directions align-left small-button-style\">\r\n            <div class=\"button-wrapper\">\r\n                <a href=\"https:\/\/www.google.com\/maps\/dir\/?api=1&#038;destination=46.043919183612,14.842537010597\" class=\"button-text\" style=\"\" target=\"_blank\">Na\u010drtuj pot<\/a>\r\n            <\/div>\r\n        <\/div>\r\n        <\/div>\n\n\n\n<div class=\"wp-block-column is-layout-flow wp-block-column-is-layout-flow\">\n<p><strong>STARTING POINT<\/strong><\/p>\n\n\n<div class=\"wp-block-citadela-blocks ctdl-item-contact-details \">\n\n    \n\n\t<div class=\"citadela-block-articles\">\n\t\t<div class=\"citadela-block-articles-wrap\">\n\n\t\t\t\t\t\t<div class=\"cd-info cd-address\" itemscope itemtype=\"http:\/\/schema.org\/PostalAddress\">\n\t\t\t\t<div class=\"cd-label\"><p>Address<\/p><\/div>\n\t\t\t\t<div class=\"cd-data\" itemprop=\"streetAddress\">\n\t\t\t\t\t<p>Staretov trg 10, 1275 \u0160martno pri Litiji<\/p>\n\t\t\t\t<\/div>\n\t\t\t<\/div>\n\t\t\t\n\n\t\t\t\t\t\t<div class=\"cd-info cd-gps\" itemscope itemtype=\"http:\/\/schema.org\/Place\">\n\t\t\t\t<div class=\"cd-label\"><p>GPS<\/p><\/div>\n\t\t\t\t<div class=\"cd-data\" itemprop=\"geo\" itemscope itemtype=\"http:\/\/schema.org\/GeoCoordinates\">\n\t\t\t\t\t<p>\n\t\t\t\t\t\t46.043919183612, 14.842537010597\t\t\t\t\t\t<meta itemprop=\"latitude\" content=\"46.043919183612\">\n\t\t\t\t\t\t<meta itemprop=\"longitude\" content=\"14.842537010597\">\n\t\t\t\t\t<\/p>\n\t\t\t\t<\/div>\n\t\t\t<\/div>\n\t\t\t\n\n\t\t\t\n\n\t\t\t\n\n\t\t\t\n\t\t<\/div>\n\t<\/div>\n<\/div>\n\n\n<p class=\"has-small-font-size\"><strong style=\"font-size: var(--wp--preset--font-size--small);color: initial\">Route:<\/strong><span style=\"font-size: var(--wp--preset--font-size--small);color: initial\"> <\/span>Kamnik\u2013Stahovica\u2013dolina Kamni\u0161ke Bistrice\u2013dolina Koro\u0161ice\u2013dolina Kamni\u0161ke Bistrice\u2013Stahovica\u2013Kamnik<\/p>\n\n\n\n<p><strong>Route elevation profile:<\/strong><\/p>\n\n\n\n<figure class=\"wp-block-image size-full\"><img decoding=\"async\" width=\"676\" height=\"199\" src=\"https:\/\/srce-slovenije.si\/wp-content\/uploads\/2023\/01\/g3.png\" alt=\"\" class=\"wp-image-11242\" srcset=\"https:\/\/srce-slovenije.si\/wp-content\/uploads\/2023\/01\/g3.png 676w, https:\/\/srce-slovenije.si\/wp-content\/uploads\/2023\/01\/g3-300x88.png 300w, https:\/\/srce-slovenije.si\/wp-content\/uploads\/2023\/01\/g3-150x44.png 150w\" sizes=\"(max-width: 676px) 100vw, 676px\" \/><\/figure>\n\n\n\n<p class=\"has-small-font-size\">    <\/p>\n<\/div>\n<\/div>\n\n\n         <div \r\n            class=\"citadela-block-responsive-text align-left\"\r\n                                 >\r\n            <p class=\"inner-tag\" style=\"font-size: 18px; line-height: 1.49;\"><strong>Route length<\/strong>\u00a035,5 km<strong>\u00a0| Estimated time without stops\u00a0<\/strong>3 hours<strong>\u00a0| Total ascent\u00a0<\/strong>1,120 m<strong>\u00a0| Difficult level\u00a0<\/strong>hard<strong>\u00a0| Road type and quality\u00a0<\/strong>macadam, asphalt, forest trail<\/p>         <\/div>\r\n      \n\n\n<p class=\"has-text-align-justify\">The starting point is in \u0160martno pri Litiji. Follow the road taking you through the valley of the stream Reka and via Zavrstnik and \u0160tangarske Poljane to a steep climb up, at the beginning of which you will turn left and cycle to the settlement Reka. Turn sharply right and climb up towards Veliko Trebeljevo. Turn left in the village and climb up to the crossroads where you can turn right to Mali Vrh with a beautiful panoramic spot or head straight onto the macadam road taking you to Leskovec. On the macadam road, turn sharply left downhill, following the cart track towards Obolno. Shortly before reaching Obolno, the cart track turns left towards the Gregorc Farm but you will follow the right less-well-preserved cart track which will take you to the top of the hill Obolno. A small trail takes you to the South across the meadow and onto the cart track, then onto the road which will bring you to Poljane pri Sti\u010dni. Descend along the cart track into the valley of the stream Sti\u0161ki potok and cycle uphill alongside the stream. The road takes you to Leskovec via a very steep climb. Leaving Leskovec, you will cycle along the asphalt road downhill through Mlake to Vrh pri Vi\u0161nji Gori. Descend along the grassy cart track into Vi\u0161nja Gora. Leaving the old town centre of Vi\u0161nja Gora, you will turn left onto a steep hiking trail towards the old castle. The Forest Learning Trail takes you to Pristava pri Vi\u0161nji Gori. Continue along the asphalt road on the plateau towards Zavrta\u010de. The cart track will take you past the hotel to the top of the plateau Pol\u017eevo and to the Church of the Holy Spirit (630 m). To prolong the trip, follow the signs of the Jur\u010di\u010d Trail towards Muljava or the cycling route G5.<\/p>\n\n\n\n<div class=\"wp-block-citadela-blocks-custom-container citadela-block-custom-container size-fullwidth bg-type-color inside-space-none has-bg\" style=\"background-color:rgba(236, 234, 234, 1)\"><div class=\"inner-holder\">         <div \r\n            class=\"citadela-block-responsive-text align-left\"\r\n                                 >\r\n            <h4 class=\"inner-tag\" style=\"\">INTERESTING FACT<\/h4>         <\/div>\r\n      \n\n\n<div class=\"wp-block-media-text alignwide is-stacked-on-mobile is-image-fill\"><figure class=\"wp-block-media-text__media\" style=\"background-image:url(https:\/\/srce-slovenije.si\/wp-content\/uploads\/2023\/01\/polz-1024x768.jpg);background-position:50% 50%\"><img decoding=\"async\" width=\"1024\" height=\"768\" src=\"https:\/\/srce-slovenije.si\/wp-content\/uploads\/2023\/01\/polz-1024x768.jpg\" alt=\"\" class=\"wp-image-11244 size-full\" srcset=\"https:\/\/srce-slovenije.si\/wp-content\/uploads\/2023\/01\/polz-1024x768.jpg 1024w, https:\/\/srce-slovenije.si\/wp-content\/uploads\/2023\/01\/polz-300x225.jpg 300w, https:\/\/srce-slovenije.si\/wp-content\/uploads\/2023\/01\/polz-768x576.jpg 768w, https:\/\/srce-slovenije.si\/wp-content\/uploads\/2023\/01\/polz-640x480.jpg 640w, https:\/\/srce-slovenije.si\/wp-content\/uploads\/2023\/01\/polz-900x675.jpg 900w, https:\/\/srce-slovenije.si\/wp-content\/uploads\/2023\/01\/polz-150x113.jpg 150w, https:\/\/srce-slovenije.si\/wp-content\/uploads\/2023\/01\/polz-750x563.jpg 750w, https:\/\/srce-slovenije.si\/wp-content\/uploads\/2023\/01\/polz-1140x855.jpg 1140w, https:\/\/srce-slovenije.si\/wp-content\/uploads\/2023\/01\/polz-480x360.jpg 480w, https:\/\/srce-slovenije.si\/wp-content\/uploads\/2023\/01\/polz.jpg 1500w\" sizes=\"(max-width: 1024px) 100vw, 1024px\" \/><\/figure><div class=\"wp-block-media-text__content\">\n<p class=\"has-text-align-justify\">There was always a lot of happening in Vi\u0161nja Gora as it was situated by the ancient Roman road. Its symbol is a snail chained by a chain of gold. Legend has it that the son of the Venetian doge was injured in the Battle of Sisak. A daughter of the earl of Vi\u0161nja Gora found him badly hurt and nursed him until he recuperated. To express gratitude, the knight\u2019s mother \u2013 the queen of the Republic of Venice, bestowed a golden snail shell adorned with diamants, which has unfortunately been lost.<\/p>\n<\/div><\/div>\n\n\n\n<div class=\"wp-block-citadela-blocks-spacer citadela-block-spacer\"><div class=\"inner-holder\" style=\"padding-top:20px\"><\/div><\/div>\n<\/div><\/div>\n\n\n\n<div class=\"wp-block-citadela-blocks-custom-container citadela-block-custom-container size-content bg-type-color inside-space-none has-bg\" style=\"background-color:rgba(243, 243, 243, 1)\"><div class=\"inner-holder\">\n<h4 class=\"wp-block-heading has-medium-font-size\" style=\"font-style:normal;font-weight:700\">Other mountain bike routes<\/h4>\n\n\n<\/div><\/div>\n","protected":false},"excerpt":{"rendered":"<p>STARTING POINT Route: Kamnik\u2013Stahovica\u2013dolina Kamni\u0161ke Bistrice\u2013dolina Koro\u0161ice\u2013dolina Kamni\u0161ke Bistrice\u2013Stahovica\u2013Kamnik Route elevation profile: The starting point is in \u0160martno pri Litiji. Follow the road taking you through the valley of the [&hellip;]<\/p>\n","protected":false},"author":11,"featured_media":14677,"menu_order":0,"comment_status":"open","ping_status":"closed","template":"","meta":{"_citadela_hide_page_title":"","_citadela_remove_header_space":"","_citadela_custom_class":"","_citadela_ignore_special_page":true,"_citadela_page_template":"half-layout-template","_citadela_half_map_provider":"","_citadela_half_map_theme":"","_citadela_half_map_themeOSM":"","_citadela_half_map_customTheme":"","_citadela_half_map_dataType":"","_citadela_half_map_dynamicTrack":false,"_citadela_half_map_trackColor":"","_citadela_half_map_trackEndpointsColor":"","_citadela_half_map_filterCategory":"","_citadela_half_map_filterLocation":"","_citadela_half_map_filterFeatured":false,"_citadela_half_map_noDataBehavior":"empty-map","_citadela_half_map_noDataText":"","_citadela_half_map_clusterGridSize":80,"_citadela_header":false,"_citadela_header_over_content":false,"_citadela_header_text_color":"","_citadela_header_logo":[],"_citadela_header_bg_image":[],"_citadela_header_bg_position":{"x":0.5,"y":0.5},"_citadela_header_bg_size":"cover","_citadela_header_bg_repeat":"no-repeat","_citadela_header_bg_fixed":false,"_citadela_header_bg_color":"","_citadela_header_bg_image_overlay":"","_citadela_header_transparent_bg":false,"_citadela_content_width":"","_citadela_half_layout_position":""},"citadela-item-category":[928],"citadela-item-location":[],"class_list":["post-16233","citadela-item","type-citadela-item","status-publish","has-post-thumbnail","hentry","citadela-item-category-mountain-bike-routes-en"],"_links":{"self":[{"href":"https:\/\/srce-slovenije.si\/en\/wp-json\/wp\/v2\/citadela-item\/16233","targetHints":{"allow":["GET"]}}],"collection":[{"href":"https:\/\/srce-slovenije.si\/en\/wp-json\/wp\/v2\/citadela-item"}],"about":[{"href":"https:\/\/srce-slovenije.si\/en\/wp-json\/wp\/v2\/types\/citadela-item"}],"author":[{"embeddable":true,"href":"https:\/\/srce-slovenije.si\/en\/wp-json\/wp\/v2\/users\/11"}],"replies":[{"embeddable":true,"href":"https:\/\/srce-slovenije.si\/en\/wp-json\/wp\/v2\/comments?post=16233"}],"version-history":[{"count":0,"href":"https:\/\/srce-slovenije.si\/en\/wp-json\/wp\/v2\/citadela-item\/16233\/revisions"}],"wp:featuredmedia":[{"embeddable":true,"href":"https:\/\/srce-slovenije.si\/en\/wp-json\/wp\/v2\/media\/14677"}],"wp:attachment":[{"href":"https:\/\/srce-slovenije.si\/en\/wp-json\/wp\/v2\/media?parent=16233"}],"wp:term":[{"taxonomy":"citadela-item-category","embeddable":true,"href":"https:\/\/srce-slovenije.si\/en\/wp-json\/wp\/v2\/citadela-item-category?post=16233"},{"taxonomy":"citadela-item-location","embeddable":true,"href":"https:\/\/srce-slovenije.si\/en\/wp-json\/wp\/v2\/citadela-item-location?post=16233"}],"curies":[{"name":"wp","href":"https:\/\/api.w.org\/{rel}","templated":true}]}}

G3: Following the trail of the Snail of Višnja Gora

<div class="wp-block-columns is-layout-flex wp-container-core-columns-is-layout-9d6595d7 wp-block-columns-is-layout-flex">
<div class="wp-block-column is-layout-flow wp-block-column-is-layout-flow">                <div 
            class="wp-block-citadela-blocks ctdl-item-featured-image align-center size-full"
                        	
            style=""        >
            <div class="ft-image-thumb">
                <div class="ft-image">
                                    <img decoding="async" 
                        src="https://srce-slovenije.si/wp-content/uploads/2023/01/g3-kmetija_coz-scaled.jpg"
                        width="2560"
                        height="1707"
                        srcset="https://srce-slovenije.si/wp-content/uploads/2023/01/g3-kmetija_coz-scaled.jpg 2560w, https://srce-slovenije.si/wp-content/uploads/2023/01/g3-kmetija_coz-300x200.jpg 300w, https://srce-slovenije.si/wp-content/uploads/2023/01/g3-kmetija_coz-1024x683.jpg 1024w, https://srce-slovenije.si/wp-content/uploads/2023/01/g3-kmetija_coz-768x512.jpg 768w, https://srce-slovenije.si/wp-content/uploads/2023/01/g3-kmetija_coz-1536x1024.jpg 1536w, https://srce-slovenije.si/wp-content/uploads/2023/01/g3-kmetija_coz-2048x1365.jpg 2048w, https://srce-slovenije.si/wp-content/uploads/2023/01/g3-kmetija_coz-1200x800.jpg 1200w, https://srce-slovenije.si/wp-content/uploads/2023/01/g3-kmetija_coz-900x600.jpg 900w, https://srce-slovenije.si/wp-content/uploads/2023/01/g3-kmetija_coz-150x100.jpg 150w, https://srce-slovenije.si/wp-content/uploads/2023/01/g3-kmetija_coz-750x500.jpg 750w, https://srce-slovenije.si/wp-content/uploads/2023/01/g3-kmetija_coz-1140x760.jpg 1140w"
                        sizes="(max-width: 2560px) 100vw, 2560px"
                        alt="G3: Following the trail of the Snail of Višnja Gora"
                        style=""                    />
                                </div>
                            </div>
        </div>
                


<div class="wp-block-citadela-blocks-spacer citadela-block-spacer"><div class="inner-holder" style="padding-top:20px"></div></div>


        <div class="wp-block-citadela-blocks ctdl-item-gpx-download align-left small-button-style">
            <div class="download-button">
                <a href="https://srce-slovenije.si/wp-content/uploads/2023/01/G3-Po-sledeh-Visnjaskega-polza.gpx" class="button-text" style="" download>Prenesi  GPX datoteko</a>
            </div>
        </div>
        

        <div class="wp-block-citadela-blocks ctdl-item-get-directions align-left small-button-style">
            <div class="button-wrapper">
                <a href="https://www.google.com/maps/dir/?api=1&#038;destination=46.043919183612,14.842537010597" class="button-text" style="" target="_blank">Načrtuj pot</a>
            </div>
        </div>
        </div>



<div class="wp-block-column is-layout-flow wp-block-column-is-layout-flow">
<p><strong>STARTING POINT</strong></p>


<div class="wp-block-citadela-blocks ctdl-item-contact-details ">

    

	<div class="citadela-block-articles">
		<div class="citadela-block-articles-wrap">

						<div class="cd-info cd-address" itemscope itemtype="http://schema.org/PostalAddress">
				<div class="cd-label"><p>Address</p></div>
				<div class="cd-data" itemprop="streetAddress">
					<p>Staretov trg 10, 1275 Šmartno pri Litiji</p>
				</div>
			</div>
			

						<div class="cd-info cd-gps" itemscope itemtype="http://schema.org/Place">
				<div class="cd-label"><p>GPS</p></div>
				<div class="cd-data" itemprop="geo" itemscope itemtype="http://schema.org/GeoCoordinates">
					<p>
						46.043919183612, 14.842537010597						<meta itemprop="latitude" content="46.043919183612">
						<meta itemprop="longitude" content="14.842537010597">
					</p>
				</div>
			</div>
			

			

			

			
		</div>
	</div>
</div>


<p class="has-small-font-size"><strong style="font-size: var(--wp--preset--font-size--small);color: initial">Route:</strong><span style="font-size: var(--wp--preset--font-size--small);color: initial"> </span>Kamnik–Stahovica–dolina Kamniške Bistrice–dolina Korošice–dolina Kamniške Bistrice–Stahovica–Kamnik</p>



<p><strong>Route elevation profile:</strong></p>



<figure class="wp-block-image size-full"><img decoding="async" width="676" height="199" src="https://srce-slovenije.si/wp-content/uploads/2023/01/g3.png" alt="" class="wp-image-11242" srcset="https://srce-slovenije.si/wp-content/uploads/2023/01/g3.png 676w, https://srce-slovenije.si/wp-content/uploads/2023/01/g3-300x88.png 300w, https://srce-slovenije.si/wp-content/uploads/2023/01/g3-150x44.png 150w" sizes="(max-width: 676px) 100vw, 676px" /></figure>



<p class="has-small-font-size">    </p>
</div>
</div>


         <div 
            class="citadela-block-responsive-text align-left"
                                 >
            <p class="inner-tag" style="font-size: 18px; line-height: 1.49;"><strong>Route length</strong> 35,5 km<strong> | Estimated time without stops </strong>3 hours<strong> | Total ascent </strong>1,120 m<strong> | Difficult level </strong>hard<strong> | Road type and quality </strong>macadam, asphalt, forest trail</p>         </div>
      


<p class="has-text-align-justify">The starting point is in Šmartno pri Litiji. Follow the road taking you through the valley of the stream Reka and via Zavrstnik and Štangarske Poljane to a steep climb up, at the beginning of which you will turn left and cycle to the settlement Reka. Turn sharply right and climb up towards Veliko Trebeljevo. Turn left in the village and climb up to the crossroads where you can turn right to Mali Vrh with a beautiful panoramic spot or head straight onto the macadam road taking you to Leskovec. On the macadam road, turn sharply left downhill, following the cart track towards Obolno. Shortly before reaching Obolno, the cart track turns left towards the Gregorc Farm but you will follow the right less-well-preserved cart track which will take you to the top of the hill Obolno. A small trail takes you to the South across the meadow and onto the cart track, then onto the road which will bring you to Poljane pri Stični. Descend along the cart track into the valley of the stream Stiški potok and cycle uphill alongside the stream. The road takes you to Leskovec via a very steep climb. Leaving Leskovec, you will cycle along the asphalt road downhill through Mlake to Vrh pri Višnji Gori. Descend along the grassy cart track into Višnja Gora. Leaving the old town centre of Višnja Gora, you will turn left onto a steep hiking trail towards the old castle. The Forest Learning Trail takes you to Pristava pri Višnji Gori. Continue along the asphalt road on the plateau towards Zavrtače. The cart track will take you past the hotel to the top of the plateau Polževo and to the Church of the Holy Spirit (630 m). To prolong the trip, follow the signs of the Jurčič Trail towards Muljava or the cycling route G5.</p>



<div class="wp-block-citadela-blocks-custom-container citadela-block-custom-container size-fullwidth bg-type-color inside-space-none has-bg" style="background-color:rgba(236, 234, 234, 1)"><div class="inner-holder">         <div 
            class="citadela-block-responsive-text align-left"
                                 >
            <h4 class="inner-tag" style="">INTERESTING FACT</h4>         </div>
      


<div class="wp-block-media-text alignwide is-stacked-on-mobile is-image-fill"><figure class="wp-block-media-text__media" style="background-image:url(https://srce-slovenije.si/wp-content/uploads/2023/01/polz-1024x768.jpg);background-position:50% 50%"><img decoding="async" width="1024" height="768" src="https://srce-slovenije.si/wp-content/uploads/2023/01/polz-1024x768.jpg" alt="" class="wp-image-11244 size-full" srcset="https://srce-slovenije.si/wp-content/uploads/2023/01/polz-1024x768.jpg 1024w, https://srce-slovenije.si/wp-content/uploads/2023/01/polz-300x225.jpg 300w, https://srce-slovenije.si/wp-content/uploads/2023/01/polz-768x576.jpg 768w, https://srce-slovenije.si/wp-content/uploads/2023/01/polz-640x480.jpg 640w, https://srce-slovenije.si/wp-content/uploads/2023/01/polz-900x675.jpg 900w, https://srce-slovenije.si/wp-content/uploads/2023/01/polz-150x113.jpg 150w, https://srce-slovenije.si/wp-content/uploads/2023/01/polz-750x563.jpg 750w, https://srce-slovenije.si/wp-content/uploads/2023/01/polz-1140x855.jpg 1140w, https://srce-slovenije.si/wp-content/uploads/2023/01/polz-480x360.jpg 480w, https://srce-slovenije.si/wp-content/uploads/2023/01/polz.jpg 1500w" sizes="(max-width: 1024px) 100vw, 1024px" /></figure><div class="wp-block-media-text__content">
<p class="has-text-align-justify">There was always a lot of happening in Višnja Gora as it was situated by the ancient Roman road. Its symbol is a snail chained by a chain of gold. Legend has it that the son of the Venetian doge was injured in the Battle of Sisak. A daughter of the earl of Višnja Gora found him badly hurt and nursed him until he recuperated. To express gratitude, the knight’s mother – the queen of the Republic of Venice, bestowed a golden snail shell adorned with diamants, which has unfortunately been lost.</p>
</div></div>



<div class="wp-block-citadela-blocks-spacer citadela-block-spacer"><div class="inner-holder" style="padding-top:20px"></div></div>
</div></div>



<div class="wp-block-citadela-blocks-custom-container citadela-block-custom-container size-content bg-type-color inside-space-none has-bg" style="background-color:rgba(243, 243, 243, 1)"><div class="inner-holder">
<h4 class="wp-block-heading has-medium-font-size" style="font-style:normal;font-weight:700">Other mountain bike routes</h4>


</div></div>

<p>STARTING POINT Route: Kamnik–Stahovica–dolina Kamniške Bistrice–dolina Korošice–dolina Kamniške Bistrice–Stahovica–Kamnik Route elevation profile: The starting point is in Šmartno pri Litiji. Follow the road taking you through the valley of the [&hellip;]</p>
